t k = 11 + -6. Suppose 0 = -8*w + k*w. Let n be ((-1)/(-2) - w)*2. Let z(y) = 4*y**3 - 2*y**2 + 2*y - 1. Give z(n).
3
Let b(o) = 15*o**2 + 16*o - 13. Let a(u) = -7*u**2 - 7*u + 6. Let l(k) = 9*a(k) + 4*b(k). Give l(2).
-8
Let g(b) = 11*b + 6*b**3 - 4*b**3 - 3*b**3 - 9*b + 1 + 6*b**2. Give g(6).
13
Let l(m) = m + 1. Suppose 2*z - 2 = 8. Suppose 0 = -p - 2 + z. Let a = -3 + p. Calculate l(a).
1
Let w(c) be the first derivative of -c**4/4 + 2*c**3/3 - c**2 + c + 2. Suppose -2*t + 8 + 0 = 4*d, -4*t = 2*d - 16. Let r be t/(-2) - (-2 + -2). Determine w(r).
-3
Suppose 2*v = -2*f + 5*f + 9, -3*f + 9 = 4*v. Let i(b) = -6*b + 3. What is i(v)?
-15
Let x(y) = y**3 - 4*y**2 - 5*y + 5. Let v be x(5). Let h(f) = -1 + 1 - 10 - 8*f. Let j(s) = -7*s - 9. Let z(a) = v*h(a) - 6*j(a). Give z(-5).
-6
Suppose 5*y + 10*y = 4*y. Let k(d) = -d + 3. Give k(y).
3
Let h be 1/(-2 - (-1 + 0)). Let n(p) be the first derivative of p**6/120 + 2*p**3/3 - 3. Let i(g) be the third derivative of n(g). Give i(h).
3
Let f(k) = 14*k - 23. Let t(u) = 5*u - 8. Let a(r) = 4*f(r) - 11*t(r). Let v = -15 - -11. Determine a(v).
-8
Let j(l) be the first derivative of l**6/360 - l**5/20 + l**4/8 - 2*l**3/3 + 1. Let v(b) be the third derivative of j(b). Calculate v(5).
-2
Let n(a) = -9*a. Suppose -5*g + 47 = 12. Let f = 10 - g. Let l(w) = -w**2 + 3*w - 1. Let k be l(f). What is n(k)?
9
Suppose 4*u - p = 3 + 3, -p + 12 = 5*u. Let i(n) = -5*n + 1. Determine i(u).
-9
Suppose -x + 6 = 1. Let k(h) = h**3 + 8*h**2 + 7*h + 3. Let z be k(-7). Let o(t) = z*t - 1 - 2*t + 8 - 2*t. Determine o(x).
2
Let j(f) = 5*f + 2. Let r(l) = -5 + 2 + 6 + 6*l. Let m(w) = -7*j(w) + 6*r(w). What is m(0)?
4
Suppose 2*o - 3*q = 1, 3*q - 1 = -o - 5. Let x(c) = -8*c**2 + 1. Determine x(o).
-7
Let i(b) = -b**3 + 3*b**2 - 3*b + 3. Suppose 1 = 2*k - 5. Suppose k*w - 7*w + 12 = 0. Suppose 3*f = -3*l - f - w, 5*f = -l - 12. Determine i(l).
-6
Let b(g) = -g**2 - g + 1. Let l(t) = -t**2 - t. Let m(n) = b(n) - 5*l(n). Calculate m(-3).
25
Let w(b) be the third derivative of 1/8*b**4 + 0*b - 9*b**2 - 1/6*b**3 + 0. Calculate w(-2).
-7
Let t = -2 - -1. Let m(o) = o**3 + 7*o**2 + 6. Let w be m(-7). Let f(q) = -4*q - w*q + 9*q. Determine f(t).
1
Let a(h) = h - h - h + 0. Suppose 0 = -4*i + 6 + 2. Determine a(i).
-2
Let m(p) = p**3 - 7*p**2 + 5*p - 1. Suppose 2*q = 3*l + 3, -5*l + 27 = 2*q - 0*l. Determine m(q).
-7
Let w(d) = d**2 - 4*d - 5. Let o be -2 - (-9 + 0 + 2). Calculate w(o).
0
Let l = 12 + -10. Let f(o) = 28*o + 0*o**2 + 2 - l*o**2 - 1 - 27*o. Determine f(-1).
-2
Suppose 6 = -4*w - 3*z + 15, w = 4*z - 12. Suppose -2*u - 2*u + 8 = w. Suppose u = 2*h - 2. Let o(q) = q + 2. What is o(h)?
4
Let q(h) = 2*h**2 - 3 - 2*h - h - 2*h + 3*h. Determine q(3).
9
Let u = -4 - -7. Let f(w) = -w**2 + 5*w + 1. Calculate f(u).
7
Let a(h) = -h + 6 + 4 - 5. Give a(-4).
9
Let o(j) be the second derivative of j**3/2 - 3*j. Determine o(-3).
-9
Let x be 4 - (1*-4 - -2). Let k(v) = -v**2 + v + 1. Let h(n) = -2*n**2 + 6*n + 5. Let g(o) = x*k(o) - h(o). Suppose 0 + 2 = 2*i. Give g(i).
-3
Let u be (4/4)/((-1)/(-1)). Let m(l) = -5 + 3*l**2 + 4 + 3 - u - 3*l. Calculate m(2).
7
Let d(i) = i - 1. Suppose -1 = -c - 4. Give d(c).
-4
Let q(t) = 0*t**2 + 2*t + 0*t - t**2 + 1 + 3*t**2. Suppose 2*o = -3*o. Suppose 0*v - 3*v - 6 = o. Determine q(v).
5
Let r(v) = 0*v - v + 3*v + 2. Suppose -4*c + 7*c = -15. Determine r(c).
-8
Let a(v) = -5*v**3 - 8*v**2 + 4*v + 3. Let r(f) = -11*f**3 - 17*f**2 + 9*f + 6. Let g(p) = 9*a(p) - 4*r(p). What is g(-4)?
3
Let l(m) = -6*m. Let z = -6 - -13. Let k(t) = 3*t. Let u(o) = z*k(o) + 4*l(o). Calculate u(1).
-3
Suppose -o + 2 = -0*o. Let v(z) = -4*z**2 + 3*z + 3. Let r(j) = 5*j**2 - 4*j - 4. Let a(g) = -5*r(g) - 6*v(g). Calculate a(o).
2
Let u(i) = i**2 - 4*i + 4. Let q be u(4). Let c = -4 + q. Let a(z) = -z + 5. What is a(c)?
5
Let c(j) = j + 4. Suppose -l = 2*l - 9. Suppose 2*t - l*t = -5. Suppose y = t - 1. What is c(y)?
8
Let z(k) = -2*k**2 - 3*k + 4. Suppose x - 15 = 6*x. Calculate z(x).
-5
Let l be (-36)/16 - (-1)/4. Let m(w) = -w**2 - w + 2. Let y(b) = -5*b**2 - 4*b + 11. Let a(f) = l*y(f) + 11*m(f). Suppose -3*x + 12 = -7*x. Determine a(x).
0
Let v(r) = -2*r**2 + 13*r + 8. Let b(u) = -3*u**2 + 20*u + 12. Let h(x) = 5*b(x) - 8*v(x). Determine h(6).
8
Let v(m) = -m - 10. Let h(f) be the third derivative of f**3/6 + 2*f**2. Let b(k) = 3*h(k) + v(k). Give b(0).
-7
Let i(b) = -3*b**3 + 0*b**2 + 2*b**3 + 5*b**3 + 1 - b**2. Let n = 2 + -6. Let z(c) = -c - 3. Let o be z(n). Calculate i(o).
4
Suppose -7 = -5*v - 2*p + 8, -4*v = 4*p. Let j(i) = 11*i + 1 - 3*i + 6 - i**2. Let y(n) = 2*n**2 - 17*n - 14. Let c(h) = 7*j(h) + 3*y(h). Calculate c(v).
7
Let o(n) = -2*n - 6. Let t = 35 + -40. Give o(t).
4
Let j(o) be the first derivative of -1/3*o**3 + o + 5 + 0*o**2. Determine j(0).
1
Suppose -3*p = 152 + 46. Let h = p - -129. Let i be (-266)/h + 2/9. Let a(d) = d**3 + 4*d**2 - d + 5. Calculate a(i).
9
Let y = 0 - 1. Let a(q) be the first derivative of q**5/10 + q**4/6 + q**3/6 + 2*q + 2. Let z(l) be the first derivative of a(l). Give z(y).
-1
Suppose -15 + 3 = -4*v. Let g(u) be the third derivative of u**4/8 - 2*u**3/3 + 8*u**2. Determine g(v).
5
Let s(f) be the third derivative of f**4/24 - f**3/3 - 48*f**2. Determine s(6).
4
Let x(w) = w**2 + 5*w + 1. Suppose 0 = 2*n - 5 + 1. Suppose 0 = -n*y + 4*y - 4. Suppose -7*q = -y*q + 10. Determine x(q).
-5
Let x(m) = 4*m**3 + 1. Let s = -10 + 11. Give x(s).
5
Let a(o) = 2*o**2 - 2*o - 1. Suppose -3*t - 2*i = 8, 3*t - 13 = 8*t + 3*i. Let v be 2/1 + t + -1. Give a(v).
3
Let r(w) = -w**2 - 2*w + 4. Let j = -13 + 13. Let o be (-6 - j)*10/15. Calculate r(o).
-4
Suppose 0*a + 3*a - 24 = 0. Let w = a + -4. Let b(l) = -7*l + 2*l**2 + l**2 + 5 - 2*l**2. Determine b(w).
-7
Let c be 2 + 1 - (-1 - 0). Let j(g) be the first derivative of -g**4/24 - g**3/3 - g**2/2 + 1. Let w(y) be the second derivative of j(y). Determine w(c).
-6
Let o(g) = 25 - g**3 + 6*g - 24 - 3*g**2 + 0*g**2. Give o(-4).
-7
Let z(y) = -4*y**2 + 4*y + 1. Let g(m) be the second derivative of -3*m**4/4 + 4*m**3/3 + 3*m**2/2 - 4*m. Let n(a) = 2*g(a) - 5*z(a). Determine n(3).
7
Suppose -4*r = 8, -41 = -5*z + r + 16. Suppose -o + 16 = 4*f, 3*o - z = -5*f + 2. Let u(t) = 2*t**2 + 6*t. What is u(o)?
8
Let f be -1 - (-6 + 3 + 0). Let p(j) = 3*j - 5*j - f*j - 5*j. Calculate p(-1).
9
Let k(o) = -o**3 - 6*o**2 - 5*o - 1. Suppose 1 = 2*b - 3. Let h(q) = -10*q**3 + 2*q**b - 6*q**2 + 11*q**3 - 5. Let x be h(4). What is k(x)?
-1
Let w(t) = -t**3 + 3*t**2 + 2*t. Suppose -n - 2 = -3*m, n = -4*m - 5 + 17. Calculate w(n).
-8
Let s(p) be the first derivative of -p**2/2 + 18*p + 5. Determine s(0).
18
Let d(u) be the third derivative of u**4/24 - 15*u**2. Let t(r) = -r**2 + 7*r - 6. Let i be t(6). Determine d(i).
0
Let m(n) = -n**3 - 4*n**2 - 3*n + 2. Suppose 0 = 6*h - 2*h - 4. Let r = -2 - h. Determine m(r).
2
Let r(g) = 4*g + 3 - 3*g + 0*g. Determine r(3).
6
Let j(m) = -2*m - 3. Let h = -17 + 11. Calculate j(h).
9
Let q(f) = -234*f**2 - 9 + 117*f**2 + 104*f**2 + 13*f + f**3. What is q(12)?
3
Let i be (-3)/15 + 63/(-35). Let t(z) = 2*z + 2. Determine t(i).
-2
Let k = 1 - 0. Let c(z) = 0 - z**2 + 3 + k - 4*z. Calculate c(-3).
7
Suppose 1 = 5*p - 19. Let v(i) = i**3 + i**2 + 1. Let b(j) = -5*j**3 - 2*j - 3. Let z be (-100)/26 + (-6)/39. Let h(w) = z*v(w) - b(w). What is h(p)?
7
Let x(y) be the second derivative of -y**5/2 - y**4/12 + y**3/6 - y**2/2 - 4*y. Determine x(1).
-11
Suppose 2*y - 10 = -3*y. Suppose y*g = g + 5. Let p = 2 - g. Let w(q) = q**3 + 3*q**2 - 2*q + 4. Give w(p).
10
Let v(j) = -3*j + 1 - 3*j + 1. Give v(-2).
14
Let n = 14 - 12. Let c(o) = 0*o**n + 3 + 22*o - 24*o - o**2. What is c(2)?
-5
Let i(n) = -2*n**2 - 3*n + 4. Let k(w) = -2*w**2 + w. Let y = 10 + -7. Suppose -t + y*v + v = 17, 0 = 4*t + v. Let g be k(t). What is i(g)?
-5
Let n(b) = -b**2 - 9*b. Let p be n(-7). Let i be 2/p - (-60)/21. Let h(g) = -2*g**2 + 3*g - 1. Calculate h(i).
-10
Let s = -16 - -22. Let l(v) = 2 - 2*v**2 + s*v**2 - 3*v**2 + 5*v. Determine l(-6).
8
Let u = -46 - -78. Suppose z + u = -5*c, 2*z - 5 = 4*c + 1. Let l(q) = -q**3 - 8*q**2 - 6*q + 10. Give l(z).
3
Let d(i) be the first derivative of -5*i**4/24 + i**3/6 - i**2/2 - 2. Let s(y) be the second derivative of d(y)